+ 4, -4*z + 114 = 3*j. Suppose -z*s + 26*s = -8. Suppose s*x + 12 - 208 = 0. What is the greatest common divisor of 14 and x?
14
Let y(v) = -13*v - 2 - 5 - 3 + 0. Let g be y(-23). What is the highest common divisor of g and 17?
17
Suppose 5*d - 5*b + 445 = 0, 3*d = -3*b - 346 + 109. Let n = 95 + d. Suppose n*i - 204 = 1116. What is the highest common divisor of 40 and i?
40
Let v(z) = 19*z + 247. Let k be v(-13). Suppose 15 = -5*u, -206 = -k*s - 2*s + 4*u. Calculate the highest common divisor of 291 and s.
97
Suppose -4*z + 515*y - 512*y + 2588 = 0, -5*z - 4*y + 3266 = 0. What is the greatest common divisor of z and 3120?
130
Suppose 10*j + 23070 = 3*b + 7*j, -4*j - 38455 = -5*b. Calculate the highest common factor of b and 9.
9
Let n be (-163 - 205)*(-12)/32. Suppose -3*m + 3*v = -7*m + 1487, 5*m - 5*v = 1815. Calculate the greatest common divisor of n and m.
46
Let c(t) = 3*t**2 + 2*t + 2. Let i be c(7). Suppose -i = -6*b + 89. Let z = 23 + -11. What is the highest common divisor of z and b?
6
Let d be 6/(-4)*(-7 + 683/(-3)). Calculate the greatest common factor of d and 165.
11
Suppose -74 + 6 = -v. Suppose 2748 = -7*i + 13*i. Suppose i*g - 463*g = -85. Calculate the greatest common factor of g and v.
17
Let u(o) be the third derivative of o**6/15 - o**5/60 + o**4/24 - o**3/3 + 4*o**2 + 3. Let j be u(2). Calculate the greatest common divisor of j and 20.
20
Let p be (50 + 5)/((-3)/(-72)). What is the greatest common factor of p and 44?
44
Let p = -55 - -60. Suppose 8*q - 797 = 4*q + p*h, 0 = 4*q - 2*h - 806. Calculate the greatest common factor of 7 and q.
7
Let w be (-3)/(-4 + 1)*-9. Let y be (-348)/(-9) + (-3)/w. Let n = 3464 + -3451. Calculate the greatest common factor of n and y.
13
Let y = -9 + 44. Suppose -34*b + 29*b = -2*j + 10, -8 = -j + 4*b. Suppose 10*d - 5*r = 5*d + y, -2*r - 10 = j. What is the greatest common divisor of d and 5?
1
Suppose 284 = 8*h + 4. What is the greatest common factor of 3675 and h?
35
Suppose 3*c + 4*k - 68 = 0, -76 = -31*c + 29*c + 5*k. Let f = 42 - 28. Calculate the highest common divisor of f and c.
14
Suppose -l + 2*j = -14 - 2, 0 = 2*l + 5*j - 59. Let x = 33 - -8. Suppose 3*v = x + 487. What is the greatest common factor of l and v?
22
Suppose -5*v + 277 = 3*b, -2*v = b + 2*b - 118. Suppose 17*q + 12488 = 20597. What is the highest common divisor of v and q?
53
Suppose -15*t + 59 + 76 = 0. Let v(k) = -k**2 - 15*k - 18. Let d be v(-6). Calculate the greatest common divisor of d and t.
9
Let o = -250 + 264. Suppose -d = 12*y - o*y + 594, 2*d - 594 = -2*y. Calculate the highest common factor of y and 11.
11
Let u be -1*(-89 + 2) - (-28 - -1 - -24). What is the highest common factor of 4410 and u?
90
Suppose 5*y = 60*p - 61*p + 77, -3*p - 41 = -2*y. Calculate the highest common factor of 1072 and y.
16
Let p be ((-4)/6)/((-3)/45). Suppose 133*u = 142*u - 2430. What is the highest common factor of u and p?
10
Suppose 4*u + 3*y = 2450, 0 = -4*u + 14*y - 13*y + 2442. What is the greatest common divisor of 282 and u?
47
Let c(u) = -3*u**2 - 18*u - 10. Let r be c(-9). Let y = 99 + r. Let g(b) = 5*b + 4. Let n be g(y). What is the greatest common divisor of 154 and n?
22
Let b = 80 + -78. Suppose -2*a = -4*q + 92, 0 = -b*q + 3*a + 80 - 30. Suppose -q + 2 = -o. What is the greatest common factor of 50 and o?
10
Let x = 282750 + -282597. Suppose -1 - 3 = -2*d. Let s be (1/(-3))/(d/(-102)). Calculate the greatest common divisor of s and x.
17
Let m = 1 + 3. Let v(z) = -z**3 - 56*z**2 - 3*z + 88. Let r be v(-56). What is the highest common factor of r and m?
4
Let z be 20508/42 + 68/(-238). Calculate the greatest common divisor of z and 2989.
61
Let k be ((-27)/(-5))/(51/85). Suppose -k - 7 = -h. Calculate the highest common factor of h and 208.
16
Let r be (12/8 + -6)/((-3)/8). What is the highest common factor of r and 321?
3
Suppose -2*c - 4*p + 8*p + 6414 = 0, -12819 = -4*c + 5*p. Calculate the greatest common factor of 99 and c.
33
Let z = -44 + 202. Let h = -26 + z. What is the greatest common factor of 24 and h?
12
Let t be (1 - -1617)*(23 + 5 + 1 + 3). What is the highest common factor of t and 16?
16
Let n be (0 + 4 - -4)*2/8. Suppose 23 = 4*x - 3*m, -4*m - 7 = -n*x + 7. What is the greatest common factor of x and 355?
5
Let f = 16 - 14. Suppose -f*n = -72 - 542. Let y = -163 + n. Calculate the greatest common factor of y and 16.
16
Suppose -3*q = p - 511, 3*p - q - 887 = 666. Calculate the greatest common divisor of p and 11.
11
Let i be (60/(-21))/((-2)/(126/((-54)/(-6)))). What is the greatest common factor of 190 and i?
10
Let t = -2217 - -705. Let f = t + 2349. What is the greatest common factor of f and 31?
31
Let s be (-44)/(-6)*2601/289. What is the greatest common factor of s and 21?
3
Suppose -3*l = -5*o - 15486 + 3852, 3*l + 4*o - 11580 = 0. What is the greatest common factor of l and 4?
4
Let l(o) = 2*o**2 + o - 35. Let n be l(14). Calculate the greatest common factor of 53 and n.
53
Suppose -9*h = -2*h - 980. Suppose -h*v = -144*v + 76. Let x be 4/14 + 786/42. Calculate the highest common factor of x and v.
19
Let a = 46678 + -46373. Calculate the highest common divisor of a and 15189.
61
Let o(u) = 9*u - 7. Let s be o(5). Suppose -13*w = -12*w + 9. Let y(g) = g**2 - 4*g - 22. Let c be y(w). Calculate the greatest common divisor of c and s.
19
Let l(p) = -9*p + 36. Suppose 7*o = -5*o + 4*o. Let m be l(o). What is the greatest common factor of m and 84?
12
Let u = -213 + 341. Let s(x) = 3*x**3 - 123*x**2 - 9*x + 417. Let n be s(41). Calculate the greatest common divisor of u and n.
16
Let z = -30585 - -36437. What is the highest common divisor of 22 and z?
22
Let g be (-1)/(29/5 - 6). Suppose 0 = -3*a + g + 67. Calculate the greatest common divisor of 60 and a.
12
Let y be ((-6)/4)/(1/(-26)). Suppose -3 = -3*f, -3*q = 2*q + 5*f - 580. Let j = 141 - q. Calculate the greatest common factor of j and y.
13
Let h(b) = b**3 - 29*b**2 + 252*b - 30. Let j be h(15). What is the highest common divisor of 168 and j?
24
Suppose -41*f = -4*c - 36*f + 1995, 3*c + f - 1501 = 0. Calculate the highest common divisor of c and 2300.
100
Suppose 9*x = -3 + 21. Let t be -2*2 + 5/(x - -3). Let r be -1*(3 - (-42)/t)*1. What is the greatest common factor of r and 143?
11
Suppose 0 = 2*o + 6, o - 75 + 2574 = 4*g. Calculate the highest common divisor of g and 8216.
104
Let o be 56/(-588) - 3452/(-84). Calculate the highest common factor of 10783 and o.
41
Let u(n) = -n. Let t be u(-3). Let s(h) = h**3 - 2*h**2 - 1. Let w be s(t). Let z = -124615 - -124647. What is the greatest common divisor of w and z?
8
Let y be 6 - 25/15*(1 + 2). Let l be (10/10)/(y*1/57). What is the greatest common factor of 19 and l?
19
Suppose -2*u + 0*f - 3*f + 169 = 0, f = 3. Let d be (-12)/(-10)*175/(-15). Let b = d + u. Calculate the highest common divisor of 6 and b.
6
Suppose o = 5*y - 226, 4*y + 5*o - 14 = 3*y. Calculate the highest common divisor of 1826 and y.
22
Let o be 40/12*(-12)/(-5). Suppose w - 31 = o. Let q = 174 + -161. What is the greatest common divisor of q and w?
13
Suppose 5*x - 2*v = 26, -2*x = -v - 3 - 8. Suppose 12*o - 2952 = x*o. What is the highest common factor of o and 41?
41
Let s be (-2)/(-9) + (-18)/81. Let q be 0 - (3 + -47 + s). Suppose -5*n - r = -3*n - q, 4*r = 0. What is the highest common divisor of 242 and n?
22
Suppose -g = -2*m + 108813, 4*m - 89*g + 92*g - 217611 = 0. What is the highest common factor of 117 and m?
117
Suppose 0 = t + 2, -4*b + 2*t - 48 + 172 = 0. Let f be 4/(93/b + -3). Suppose 13 = 2*w - 19. Calculate the greatest common factor of f and w.
8
Let a = 1826 - 1820. Calculate the highest common factor of 177 and a.
3
Let z = -16513 - -16609. What is the greatest common factor of z and 168?
24
Let u be -4 - -2 - ((-6)/6 - 3). Let n be ((-80)/(-60))/(u/(-3)) + 42. What is the highest common factor of n and 32?
8
Let m be 2/((11/(-6) - -2)/(-1)). Let f be -1*(-22)/(-3)*m. Calculate the highest common divisor of f and 154.
22
Let g(w) = -2*w**2 - 38*w + 57. Let d(q) = 4*q**2 + 76*q - 114. Let l(p) = -3*d(p) - 7*g(p). Let t be l(15). Calculate the greatest common divisor of 9 and t.
9
Suppose 18*f + 10 = 2*m + 20*f, -3*m + 3*f = -27. Suppose 10*g - 81 = m*g. What is the highest common fac